114954.
782
Calculate the greatest common divisor of 614290 and 1504.
94
Calculate the highest common divisor of 247556 and 9751.
199
Calculate the highest common factor of 1206 and 229869027.
603
What is the highest common factor of 6 and 21512334?
6
What is the highest common factor of 4967360 and 333680?
3440
Calculate the greatest common factor of 19533201 and 24.
3
What is the highest common divisor of 9401 and 35071102?
1343
What is the greatest common divisor of 1151293 and 10956?
913
What is the highest common factor of 75 and 84156775?
25
What is the highest common divisor of 58 and 186431314?
58
Calculate the greatest common factor of 1117868 and 56.
4
What is the highest common factor of 2194 and 50447739?
1097
Calculate the greatest common factor of 58929120 and 40320.
1440
What is the highest common divisor of 40012040 and 26320?
1880
What is the greatest common divisor of 759 and 1734821?
253
Calculate the highest common factor of 29025 and 19404.
9
What is the highest common factor of 51116 and 12662?
26
What is the greatest common factor of 3690194 and 141824?
554
What is the greatest common divisor of 79 and 43673807?
79
What is the highest common factor of 1240 and 359480960?
1240
Calculate the highest common divisor of 6490 and 31739345.
3245
Calculate the highest common divisor of 6142 and 1448439.
37
Calculate the greatest common factor of 41212 and 18.
2
What is the highest common divisor of 11064195 and 540?
135
What is the highest common factor of 188 and 63284?
4
Calculate the greatest common divisor of 170507 and 11857.
167
Calculate the highest common factor of 540020 and 64945.
155
What is the greatest common divisor of 5 and 350722?
1
What is the highest common factor of 145 and 15522830?
145
What is the highest common factor of 2353522 and 22708?
1622
Calculate the highest common divisor of 43532073 and 117.
117
What is the highest common divisor of 9085661 and 1970072?
12961
What is the highest common divisor of 15151220 and 63?
7
What is the greatest common divisor of 166320 and 15078?
42
Calculate the highest common divisor of 740 and 46021784.
148
What is the highest common factor of 452 and 28393397?
113
Calculate the greatest common divisor of 2011182 and 20382.
474
What is the highest common factor of 188063 and 3477?
61
What is the highest common factor of 166 and 870736483?
83
Calculate the highest common factor of 4 and 285466996.
4
Calculate the greatest common divisor of 18392 and 3448.
8
What is the highest common factor of 118 and 25358023?
59
Calculate the greatest common factor of 1784664927 and 171.
171
Calculate the greatest common factor of 2498476 and 6448.
124
What is the highest common divisor of 1144 and 488215?
13
Calculate the greatest common divisor of 1254761851 and 7.
7
What is the greatest common factor of 1663944 and 5576?
328
What is the highest common factor of 715 and 640409?
11
What is the greatest common divisor of 32 and 24161552?
16
Calculate the highest common factor of 1091707 and 82.
41
Calculate the greatest common factor of 135418024 and 16.
8
Calculate the highest common divisor of 4178889 and 37791.
1989
What is the greatest common divisor of 1174966144 and 107?
107
Calculate the greatest common divisor of 97 and 22340167.
97
Calculate the highest common divisor of 26888 and 524420191.
3361
What is the greatest common factor of 8560 and 150145610?
1070
Calculate the highest common divisor of 10374 and 23357859.
399
Calculate the greatest common factor of 684058760 and 41.
41
Calculate the highest common divisor of 117 and 46521999.
9
Calculate the greatest common factor of 568920911 and 13.
13
Calculate the highest common factor of 52276704 and 128.
32
What is the greatest common divisor of 457522338 and 2212?
1106
Calculate the greatest common divisor of 27808318 and 4.
2
Calculate the greatest common factor of 2840640 and 2000.
80
What is the highest common factor of 20051616 and 3744?
1248
Calculate the greatest common divisor of 75346 and 3401579.
101
What is the highest common divisor of 6 and 65569110?
6
Calculate the highest common divisor of 26001 and 718291.
107
What is the highest common factor of 971 and 758284001?
971
What is the greatest common factor of 16 and 1123796?
4
What is the greatest common divisor of 15225 and 2659600?
25
Calculate the highest common factor of 6277416 and 50808.
1752
Calculate the greatest common divisor of 6644552 and 2176.
136
What is the highest common factor of 12202239 and 129?
129
What is the greatest common divisor of 9668 and 10830577?
2417
Calculate the highest common factor of 621401144 and 7.
7
What is the highest common divisor of 5199336 and 4266?
54
Calculate the greatest common divisor of 1129339640 and 8.
8
What is the highest common factor of 2386209 and 2541?
21
Calculate the greatest common factor of 749 and 204957858.
749
What is the highest common factor of 11700 and 464958?
234
What is the highest common factor of 302945699 and 7903?
7903
Calculate the highest common divisor of 676471 and 25674.
389
What is the greatest common factor of 27167384 and 808?
808
Calculate the greatest common factor of 7323668 and 154.
22
Calculate the highest common factor of 668992 and 20480.
64
Calculate the highest common divisor of 662901 and 139017.
447
Calculate the highest common factor of 457541 and 526513.
401
What is the greatest common factor of 10693 and 511858?
37
Calculate the greatest common factor of 13162664 and 2118.
706
Calculate the highest common factor of 2378939 and 1586.
61
What is the highest common divisor of 1128 and 685128?
24
Calculate the highest common divisor of 23616 and 433728.
576
Calculate the greatest common divisor of 403 and 80561.
13
What is the greatest common factor of 4340540275 and 11345?
11345
Calculate the greatest common factor of 54 and 13685346.
18
What is the greatest common factor of 783 and 208980351?
783
Calculate the highest common divisor of 69601 and 736148.
427
What is the highest common divisor of 92854 and 19357328?
5462
Calculate the greatest common divisor of 81858 and 2730.
42
Calculate the greatest common divisor of 213968 and 67424.
688
What is the greatest common divisor of 42518 and 69723446?
6074
What is the greatest common factor of 49516409 and 1154?
577
Calculate the highest common divisor of 19625494 and 182.
14
What is the greatest common divisor of 2706 and 4357398?
246
What is the highest common factor of 226 and 19631603?
113
Calculate the highest common divisor of 416906 and 1259314.
4298
Calculate the highest common divisor of 99 and 42488094.
33
Calculate the greatest common factor of 15 and 28240.
5
Calculate the highest common factor of 548028 and 897.
39
What is the greatest common factor of 1619176 and 2392?
104
Calculate the highest common divisor of 602 and 838.
2
Calculate the greatest common factor of 467925 and 105825.
1275
Calculate the greatest common divisor of 6913373 and 901.
901
Calculate the greatest common divisor of 8268 and 36111868.
2756
Calculate the greatest common divisor of 57 and 370548127.
19
What is the greatest common factor of 130 and 6901630?
10
What is the greatest common divisor of 1456 and 1651923?
91
What is the greatest common divisor of 46822 and 75943?
571
What is the greatest common factor of 262 and 82934921?
131
What is the greatest common divisor of 4512898 and 182?
26
Calculate the highest common factor of 4771776 and 261.
87
What is the highest common factor of 331251996 and 9784?
4892
Calculate the highest common factor of 305 and 28182183.
61
Calculate the highest common factor of 60282 and 6922186.
394
What is the highest common factor of 165280 and 15520?
160
Calculate the greatest common factor of 127881975 and 975.
975
Calculate the greatest common divisor of 22499490 and 2790.
930
Calculate the highest common divisor of 11769246 and 2052.
1026
What is the greatest common divisor of 4322094 and 1464?
366
Calculate the greatest common factor of 10770662 and 196.
14
What is the greatest common divisor of 2196 and 1516887?
549
Calculate the greatest common divisor of 1818 and 197766.
18
Calculate the highest common divisor of 918592 and 710272.
1984
Calculate the highest common factor of 92793872 and 228